{"id":920,"date":"2019-04-25T17:35:12","date_gmt":"2019-04-25T17:35:12","guid":{"rendered":"http:\/\/www.svazspedice.cz\/?page_id=920"},"modified":"2019-04-25T17:35:12","modified_gmt":"2019-04-25T17:35:12","slug":"zajezd-mladych-spediteru-do-hbg-a-lubecku","status":"publish","type":"page","link":"https:\/\/www.svazspedice.cz\/index.php\/zajezd-mladych-spediteru-do-hbg-a-lubecku\/","title":{"rendered":"Z\u00e1jezd mlad\u00fdch spedit\u00e9ru do HBG a L\u00fcbecku"},"content":{"rendered":"<h2>Z\u00e1jezd mlad\u00fdch spedit\u00e9ru do HBG a L\u00fcbecku<\/h2>\n\n\n<ul class=\"wp-block-gallery columns-2 is-cropped\"><li class=\"blocks-gallery-item\"><figure><img loading=\"lazy\" width=\"801\" height=\"600\" src=\"http:\/\/www.svazspedice.cz\/wp-content\/uploads\/2019\/04\/55793portblog_hamburg_kajen.jpg\" alt=\"\" data-id=\"921\" data-link=\"http:\/\/www.svazspedice.cz\/?attachment_id=921#main\" class=\"wp-image-921\" srcset=\"https:\/\/www.svazspedice.cz\/wp-content\/uploads\/2019\/04\/55793portblog_hamburg_kajen.jpg 801w, https:\/\/www.svazspedice.cz\/wp-content\/uploads\/2019\/04\/55793portblog_hamburg_kajen-300x225.jpg 300w, https:\/\/www.svazspedice.cz\/wp-content\/uploads\/2019\/04\/55793portblog_hamburg_kajen-768x575.jpg 768w\" sizes=\"(max-width: 801px) 100vw, 801px\" \/><\/figure><\/li><li class=\"blocks-gallery-item\"><figure><img loading=\"lazy\" width=\"764\" height=\"600\" src=\"http:\/\/www.svazspedice.cz\/wp-content\/uploads\/2019\/04\/552573portblog_lubeck_balticrailgate.jpg\" alt=\"\" data-id=\"922\" data-link=\"http:\/\/www.svazspedice.cz\/?attachment_id=922#main\" class=\"wp-image-922\" srcset=\"https:\/\/www.svazspedice.cz\/wp-content\/uploads\/2019\/04\/552573portblog_lubeck_balticrailgate.jpg 764w, https:\/\/www.svazspedice.cz\/wp-content\/uploads\/2019\/04\/552573portblog_lubeck_balticrailgate-300x236.jpg 300w\" sizes=\"(max-width: 764px) 100vw, 764px\" \/><\/figure><\/li><\/ul>\n","protected":false},"excerpt":{"rendered":"<p>Z\u00e1jezd mlad\u00fdch spedit\u00e9ru do HBG a L\u00fcbecku<\/p>\n","protected":false},"author":1,"featured_media":0,"parent":0,"menu_order":0,"comment_status":"closed","ping_status":"closed","template":"","meta":[],"_links":{"self":[{"href":"https:\/\/www.svazspedice.cz\/index.php\/wp-json\/wp\/v2\/pages\/920"}],"collection":[{"href":"https:\/\/www.svazspedice.cz\/index.php\/wp-json\/wp\/v2\/pages"}],"about":[{"href":"https:\/\/www.svazspedice.cz\/index.php\/wp-json\/wp\/v2\/types\/page"}],"author":[{"embeddable":true,"href":"https:\/\/www.svazspedice.cz\/index.php\/wp-json\/wp\/v2\/users\/1"}],"replies":[{"embeddable":true,"href":"https:\/\/www.svazspedice.cz\/index.php\/wp-json\/wp\/v2\/comments?post=920"}],"version-history":[{"count":1,"href":"https:\/\/www.svazspedice.cz\/index.php\/wp-json\/wp\/v2\/pages\/920\/revisions"}],"predecessor-version":[{"id":923,"href":"https:\/\/www.svazspedice.cz\/index.php\/wp-json\/wp\/v2\/pages\/920\/revisions\/923"}],"wp:attachment":[{"href":"https:\/\/www.svazspedice.cz\/index.php\/wp-json\/wp\/v2\/media?parent=920"}],"curies":[{"name":"wp","href":"https:\/\/api.w.org\/{rel}","templated":true}]}}