{"id":897,"date":"2019-04-25T17:31:17","date_gmt":"2019-04-25T17:31:17","guid":{"rendered":"http:\/\/www.svazspedice.cz\/?page_id=897"},"modified":"2019-04-25T17:31:18","modified_gmt":"2019-04-25T17:31:18","slug":"seminar-vzp-2014","status":"publish","type":"page","link":"https:\/\/www.svazspedice.cz\/index.php\/seminar-vzp-2014\/","title":{"rendered":"Semin\u00e1\u0159 VZP 2014"},"content":{"rendered":"<h2>Semin\u00e1\u0159 VZP 2014<\/h2>\n\n\n<ul class=\"wp-block-gallery columns-3 is-cropped\"><li class=\"blocks-gallery-item\"><figure><img loading=\"lazy\" width=\"1024\" height=\"768\" src=\"http:\/\/www.svazspedice.cz\/wp-content\/uploads\/2019\/04\/105395vzp-seminar-2013-4-1024x768.jpg\" alt=\"\" data-id=\"898\" data-link=\"http:\/\/www.svazspedice.cz\/?attachment_id=898#main\" class=\"wp-image-898\" srcset=\"https:\/\/www.svazspedice.cz\/wp-content\/uploads\/2019\/04\/105395vzp-seminar-2013-4-1024x768.jpg 1024w, https:\/\/www.svazspedice.cz\/wp-content\/uploads\/2019\/04\/105395vzp-seminar-2013-4-300x225.jpg 300w, https:\/\/www.svazspedice.cz\/wp-content\/uploads\/2019\/04\/105395vzp-seminar-2013-4-768x576.jpg 768w, https:\/\/www.svazspedice.cz\/wp-content\/uploads\/2019\/04\/105395vzp-seminar-2013-4.jpg 1066w\" sizes=\"(max-width: 1024px) 100vw, 1024px\" \/><\/figure><\/li><li class=\"blocks-gallery-item\"><figure><img loading=\"lazy\" width=\"1024\" height=\"768\" src=\"http:\/\/www.svazspedice.cz\/wp-content\/uploads\/2019\/04\/105493vzp-seminar-2014-1024x768.jpg\" alt=\"\" data-id=\"899\" data-link=\"http:\/\/www.svazspedice.cz\/?attachment_id=899#main\" class=\"wp-image-899\" srcset=\"https:\/\/www.svazspedice.cz\/wp-content\/uploads\/2019\/04\/105493vzp-seminar-2014-1024x768.jpg 1024w, https:\/\/www.svazspedice.cz\/wp-content\/uploads\/2019\/04\/105493vzp-seminar-2014-300x225.jpg 300w, https:\/\/www.svazspedice.cz\/wp-content\/uploads\/2019\/04\/105493vzp-seminar-2014-768x576.jpg 768w, https:\/\/www.svazspedice.cz\/wp-content\/uploads\/2019\/04\/105493vzp-seminar-2014.jpg 1066w\" sizes=\"(max-width: 1024px) 100vw, 1024px\" \/><\/figure><\/li><li class=\"blocks-gallery-item\"><figure><img loading=\"lazy\" width=\"1024\" height=\"768\" src=\"http:\/\/www.svazspedice.cz\/wp-content\/uploads\/2019\/04\/1052508vzp-seminar-2013-2-1024x768.jpg\" alt=\"\" data-id=\"900\" data-link=\"http:\/\/www.svazspedice.cz\/?attachment_id=900#main\" class=\"wp-image-900\" srcset=\"https:\/\/www.svazspedice.cz\/wp-content\/uploads\/2019\/04\/1052508vzp-seminar-2013-2-1024x768.jpg 1024w, https:\/\/www.svazspedice.cz\/wp-content\/uploads\/2019\/04\/1052508vzp-seminar-2013-2-300x225.jpg 300w, https:\/\/www.svazspedice.cz\/wp-content\/uploads\/2019\/04\/1052508vzp-seminar-2013-2-768x576.jpg 768w, https:\/\/www.svazspedice.cz\/wp-content\/uploads\/2019\/04\/1052508vzp-seminar-2013-2.jpg 1066w\" sizes=\"(max-width: 1024px) 100vw, 1024px\" \/><\/figure><\/li><li class=\"blocks-gallery-item\"><figure><img loading=\"lazy\" width=\"1024\" height=\"768\" src=\"http:\/\/www.svazspedice.cz\/wp-content\/uploads\/2019\/04\/1052870vzp-seminar-2013-3-1024x768.jpg\" alt=\"\" data-id=\"901\" data-link=\"http:\/\/www.svazspedice.cz\/?attachment_id=901#main\" class=\"wp-image-901\" srcset=\"https:\/\/www.svazspedice.cz\/wp-content\/uploads\/2019\/04\/1052870vzp-seminar-2013-3-1024x768.jpg 1024w, https:\/\/www.svazspedice.cz\/wp-content\/uploads\/2019\/04\/1052870vzp-seminar-2013-3-300x225.jpg 300w, https:\/\/www.svazspedice.cz\/wp-content\/uploads\/2019\/04\/1052870vzp-seminar-2013-3-768x576.jpg 768w, https:\/\/www.svazspedice.cz\/wp-content\/uploads\/2019\/04\/1052870vzp-seminar-2013-3.jpg 1066w\" sizes=\"(max-width: 1024px) 100vw, 1024px\" \/><\/figure><\/li><\/ul>\n","protected":false},"excerpt":{"rendered":"<p>Semin\u00e1\u0159 VZP 2014<\/p>\n","protected":false},"author":1,"featured_media":0,"parent":0,"menu_order":0,"comment_status":"closed","ping_status":"closed","template":"","meta":[],"_links":{"self":[{"href":"https:\/\/www.svazspedice.cz\/index.php\/wp-json\/wp\/v2\/pages\/897"}],"collection":[{"href":"https:\/\/www.svazspedice.cz\/index.php\/wp-json\/wp\/v2\/pages"}],"about":[{"href":"https:\/\/www.svazspedice.cz\/index.php\/wp-json\/wp\/v2\/types\/page"}],"author":[{"embeddable":true,"href":"https:\/\/www.svazspedice.cz\/index.php\/wp-json\/wp\/v2\/users\/1"}],"replies":[{"embeddable":true,"href":"https:\/\/www.svazspedice.cz\/index.php\/wp-json\/wp\/v2\/comments?post=897"}],"version-history":[{"count":1,"href":"https:\/\/www.svazspedice.cz\/index.php\/wp-json\/wp\/v2\/pages\/897\/revisions"}],"predecessor-version":[{"id":902,"href":"https:\/\/www.svazspedice.cz\/index.php\/wp-json\/wp\/v2\/pages\/897\/revisions\/902"}],"wp:attachment":[{"href":"https:\/\/www.svazspedice.cz\/index.php\/wp-json\/wp\/v2\/media?parent=897"}],"curies":[{"name":"wp","href":"https:\/\/api.w.org\/{rel}","templated":true}]}}