{"id":289,"date":"2019-04-05T12:08:36","date_gmt":"2019-04-05T12:08:36","guid":{"rendered":"http:\/\/www.svazspedice.cz\/?page_id=289"},"modified":"2026-04-13T07:00:34","modified_gmt":"2026-04-13T07:00:34","slug":"ssl-zpravodaje","status":"publish","type":"page","link":"https:\/\/www.svazspedice.cz\/index.php\/ssl-zpravodaje\/","title":{"rendered":"SSL zpravodaje\/ Asociation newsletter"},"content":{"rendered":"\n<h3><\/h3>\n\n\n<h3 class=\"editor-rich-text__editable block-editor-rich-text__editable\" role=\"textbox\" contenteditable=\"true\" aria-multiline=\"true\" data-is-placeholder-visible=\"false\" aria-label=\"Napi\u0161te nadpis\" aria-autocomplete=\"list\">SSL ZPRAVODAJE A EXPRESY 2026<\/h3>\n<table class=\"wp-block-table\">\n<tbody>\n<tr>\n<td><strong>Spedi\u010dn\u00ed zpravodaj 2026<\/strong><\/td>\n<td><strong>SSL Expres 2026 <br \/><\/strong><\/td>\n<\/tr>\n<tr>\n<td><a href=\"http:\/\/www.svazspedice.cz\/wp-content\/uploads\/2026\/03\/2-unor-2026.pdf\">2 &#8211; \u00fanor 2026<\/a><\/td>\n<td><a href=\"http:\/\/www.svazspedice.cz\/wp-content\/uploads\/2026\/01\/06.01.2026.pdf\">06.01.<\/a>, <a href=\"http:\/\/www.svazspedice.cz\/wp-content\/uploads\/2026\/01\/07.01.2026.pdf\">07.01., <\/a><a href=\"http:\/\/www.svazspedice.cz\/wp-content\/uploads\/2026\/01\/08.01.2026.pdf\">08.01.<\/a>, <a href=\"http:\/\/www.svazspedice.cz\/wp-content\/uploads\/2026\/01\/09.01.2026.pdf\">09.01.<\/a><\/td>\n<\/tr>\n<tr>\n<td><a href=\"http:\/\/www.svazspedice.cz\/wp-content\/uploads\/2026\/03\/3-brezen-2026.pdf\">3 &#8211; b\u0159ezen 2026<\/a><\/td>\n<td><a href=\"http:\/\/www.svazspedice.cz\/wp-content\/uploads\/2026\/01\/12.01.2026.pdf\">12.01.<\/a>, <a href=\"http:\/\/www.svazspedice.cz\/wp-content\/uploads\/2026\/01\/13.01.2026.pdf\">13.01.<\/a>, <a href=\"http:\/\/www.svazspedice.cz\/wp-content\/uploads\/2026\/01\/14.01.2026.pdf\">14.01.<\/a>, <a href=\"http:\/\/www.svazspedice.cz\/wp-content\/uploads\/2026\/01\/15.01.2026.pdf\">15.01.<\/a>, <a href=\"http:\/\/www.svazspedice.cz\/wp-content\/uploads\/2026\/01\/16.01.2026.pdf\">16.01.<\/a><\/td>\n<\/tr>\n<tr>\n<td>\u00a0<\/td>\n<td><a href=\"http:\/\/www.svazspedice.cz\/wp-content\/uploads\/2026\/03\/19.01.2026.pdf\">19.01.<\/a> <a href=\"http:\/\/www.svazspedice.cz\/wp-content\/uploads\/2026\/03\/20.01.2026.pdf\">20.01.<\/a> <a href=\"http:\/\/www.svazspedice.cz\/wp-content\/uploads\/2026\/03\/21.01.2026.pdf\">21.01.<\/a> <a href=\"http:\/\/www.svazspedice.cz\/wp-content\/uploads\/2026\/03\/22.01.2026.pdf\">22.01.<\/a> <a href=\"http:\/\/www.svazspedice.cz\/wp-content\/uploads\/2026\/03\/23.01.2026.pdf\">23.01.<\/a><\/td>\n<\/tr>\n<tr>\n<td>\u00a0<\/td>\n<td><a href=\"http:\/\/www.svazspedice.cz\/wp-content\/uploads\/2026\/03\/26.01.2026.pdf\">26.01.<\/a> <a href=\"http:\/\/www.svazspedice.cz\/wp-content\/uploads\/2026\/03\/27.01.2026.pdf\">27.01.<\/a> <a href=\"http:\/\/www.svazspedice.cz\/wp-content\/uploads\/2026\/03\/28.01.2026.pdf\">28.01.<\/a> <a href=\"http:\/\/www.svazspedice.cz\/wp-content\/uploads\/2026\/03\/29.01.2026.pdf\">29.01.<\/a> <a href=\"http:\/\/www.svazspedice.cz\/wp-content\/uploads\/2026\/03\/30.01.2026.pdf\">30.01.<\/a><\/td>\n<\/tr>\n<tr>\n<td>\u00a0<\/td>\n<td><a href=\"http:\/\/www.svazspedice.cz\/wp-content\/uploads\/2026\/03\/02.02.2026.pdf\">02.02.<\/a> <a href=\"http:\/\/www.svazspedice.cz\/wp-content\/uploads\/2026\/03\/03.02.2026.pdf\">03.02.<\/a> <a href=\"http:\/\/www.svazspedice.cz\/wp-content\/uploads\/2026\/03\/04.02.2026.pdf\">04.02.<\/a> <a href=\"http:\/\/www.svazspedice.cz\/wp-content\/uploads\/2026\/03\/05.02.2026.pdf\">05.02.<\/a> <a href=\"http:\/\/www.svazspedice.cz\/wp-content\/uploads\/2026\/03\/06.02.2026.pdf\">06.02.<\/a><\/td>\n<\/tr>\n<tr>\n<td>\u00a0<\/td>\n<td><a href=\"http:\/\/www.svazspedice.cz\/wp-content\/uploads\/2026\/03\/09.02.2026.pdf\">09.02.<\/a> <a href=\"http:\/\/www.svazspedice.cz\/wp-content\/uploads\/2026\/03\/10.02.2026.pdf\">10.02.<\/a> <a href=\"http:\/\/www.svazspedice.cz\/wp-content\/uploads\/2026\/03\/12.02.2026.pdf\">12.02.<\/a> <a href=\"http:\/\/www.svazspedice.cz\/wp-content\/uploads\/2026\/03\/13.02.2026.pdf\">13.02.<\/a><\/td>\n<\/tr>\n<tr>\n<td>\u00a0<\/td>\n<td><a href=\"http:\/\/www.svazspedice.cz\/wp-content\/uploads\/2026\/03\/16.02.2026.pdf\">16.02.<\/a> <a href=\"http:\/\/www.svazspedice.cz\/wp-content\/uploads\/2026\/03\/17.02.2026.pdf\">17.02.<\/a> <a href=\"http:\/\/www.svazspedice.cz\/wp-content\/uploads\/2026\/03\/18.02.2026.pdf\">18.02.<\/a> <a href=\"http:\/\/www.svazspedice.cz\/wp-content\/uploads\/2026\/03\/19.02.2026.pdf\">19.02.<\/a> <a href=\"http:\/\/www.svazspedice.cz\/wp-content\/uploads\/2026\/03\/20.02.2026.pdf\">20.02.<\/a><\/td>\n<\/tr>\n<tr>\n<td>\u00a0<\/td>\n<td><a href=\"http:\/\/www.svazspedice.cz\/wp-content\/uploads\/2026\/03\/23.02.2026.pdf\">23.02.<\/a> <a href=\"http:\/\/www.svazspedice.cz\/wp-content\/uploads\/2026\/03\/24.02.2026.pdf\">24.02.<\/a> <a href=\"http:\/\/www.svazspedice.cz\/wp-content\/uploads\/2026\/03\/25.02.2026.pdf\">25.02.<\/a> <a href=\"http:\/\/www.svazspedice.cz\/wp-content\/uploads\/2026\/03\/26.02.2026.pdf\">26.02.<\/a> <a href=\"http:\/\/www.svazspedice.cz\/wp-content\/uploads\/2026\/03\/27.02.2026.pdf\">27.02.<\/a><\/td>\n<\/tr>\n<tr>\n<td>\u00a0<\/td>\n<td><a href=\"http:\/\/www.svazspedice.cz\/wp-content\/uploads\/2026\/03\/02.03.2026.pdf\">02.03.<\/a> <a href=\"http:\/\/www.svazspedice.cz\/wp-content\/uploads\/2026\/03\/03.03.2026.pdf\">03.03.<\/a> <a href=\"http:\/\/www.svazspedice.cz\/wp-content\/uploads\/2026\/03\/04.03..pdf\">04.03.<\/a> <a href=\"http:\/\/www.svazspedice.cz\/wp-content\/uploads\/2026\/03\/05.03..pdf\">05.03.<\/a> <a href=\"http:\/\/www.svazspedice.cz\/wp-content\/uploads\/2026\/03\/06.03..pdf\">06.03.<\/a><\/td>\n<\/tr>\n<tr>\n<td>\u00a0<\/td>\n<td><a href=\"http:\/\/www.svazspedice.cz\/wp-content\/uploads\/2026\/03\/09.03..pdf\">09.03.<\/a> <a href=\"http:\/\/www.svazspedice.cz\/wp-content\/uploads\/2026\/03\/10.03..pdf\">10.03.<\/a> <a href=\"http:\/\/www.svazspedice.cz\/wp-content\/uploads\/2026\/03\/11.03..pdf\">11.03.<\/a> <a href=\"http:\/\/www.svazspedice.cz\/wp-content\/uploads\/2026\/03\/12.03..pdf\">12.03.<\/a> <a href=\"http:\/\/www.svazspedice.cz\/wp-content\/uploads\/2026\/03\/13.03..pdf\">13.03.<\/a><\/td>\n<\/tr>\n<tr>\n<td>\u00a0<\/td>\n<td><a href=\"http:\/\/www.svazspedice.cz\/wp-content\/uploads\/2026\/03\/16.03..pdf\">16.03.<\/a> <a href=\"http:\/\/www.svazspedice.cz\/wp-content\/uploads\/2026\/03\/17.03..pdf\">17.03.<\/a> <a href=\"http:\/\/www.svazspedice.cz\/wp-content\/uploads\/2026\/03\/18.03..pdf\">18.03.<\/a> <a href=\"http:\/\/www.svazspedice.cz\/wp-content\/uploads\/2026\/03\/19.03..pdf\">19.03.<\/a> <a href=\"http:\/\/www.svazspedice.cz\/wp-content\/uploads\/2026\/03\/20.03..pdf\">20.03.<\/a><\/td>\n<\/tr>\n<tr>\n<td>\u00a0<\/td>\n<td><a href=\"http:\/\/www.svazspedice.cz\/wp-content\/uploads\/2026\/04\/23.03..pdf\">23.03.<\/a> <a href=\"http:\/\/www.svazspedice.cz\/wp-content\/uploads\/2026\/04\/24.03..pdf\">24.03.<\/a> <a href=\"http:\/\/www.svazspedice.cz\/wp-content\/uploads\/2026\/04\/25.03..pdf\">25.03.<\/a> <a href=\"http:\/\/www.svazspedice.cz\/wp-content\/uploads\/2026\/04\/26.03..pdf\">26.03.<\/a> <a href=\"http:\/\/www.svazspedice.cz\/wp-content\/uploads\/2026\/04\/27.03..pdf\">27.03.<\/a><\/td>\n<\/tr>\n<tr>\n<td>\u00a0<\/td>\n<td><a href=\"http:\/\/www.svazspedice.cz\/wp-content\/uploads\/2026\/04\/30.03..pdf\">30.03.<\/a> <a href=\"http:\/\/www.svazspedice.cz\/wp-content\/uploads\/2026\/04\/31.03..pdf\">31.03.<\/a> <a href=\"http:\/\/www.svazspedice.cz\/wp-content\/uploads\/2026\/04\/01.04..pdf\">01.04.<\/a> <a href=\"http:\/\/www.svazspedice.cz\/wp-content\/uploads\/2026\/04\/02.04..pdf\">02.04.<\/a><\/td>\n<\/tr>\n<tr>\n<td>\u00a0<\/td>\n<td><a href=\"http:\/\/www.svazspedice.cz\/wp-content\/uploads\/2026\/04\/07.04..pdf\">07.04.<\/a> <a href=\"http:\/\/www.svazspedice.cz\/wp-content\/uploads\/2026\/04\/08.04..pdf\">08.04.<\/a> <a href=\"http:\/\/www.svazspedice.cz\/wp-content\/uploads\/2026\/04\/09.04..pdf\">09.04.<\/a> <a href=\"http:\/\/www.svazspedice.cz\/wp-content\/uploads\/2026\/04\/10.04..pdf\">10.04.<\/a><\/td>\n<\/tr>\n<tr>\n<td>\u00a0<\/td>\n<td>\u00a0<\/td>\n<\/tr>\n<tr>\n<td>\u00a0<\/td>\n<td>\u00a0<\/td>\n<\/tr>\n<tr>\n<td>\u00a0<\/td>\n<td>\u00a0<\/td>\n<\/tr>\n<tr>\n<td>\u00a0<\/td>\n<td>\u00a0<\/td>\n<\/tr>\n<tr>\n<td>\u00a0<\/td>\n<td>\u00a0<\/td>\n<\/tr>\n<tr>\n<td>\u00a0<\/td>\n<td>\u00a0<\/td>\n<\/tr>\n<tr>\n<td>\u00a0<\/td>\n<td>\u00a0<\/td>\n<\/tr>\n<tr>\n<td>\u00a0<\/td>\n<td>\u00a0<\/td>\n<\/tr>\n<tr>\n<td>\u00a0<\/td>\n<td>\u00a0<\/td>\n<\/tr>\n<tr>\n<td>\u00a0<\/td>\n<td>\u00a0<\/td>\n<\/tr>\n<tr>\n<td>\u00a0<\/td>\n<td>\u00a0<\/td>\n<\/tr>\n<tr>\n<td>\u00a0<\/td>\n<td>\u00a0<\/td>\n<\/tr>\n<tr>\n<td>\u00a0<\/td>\n<td>\u00a0<\/td>\n<\/tr>\n<tr>\n<td>\u00a0<\/td>\n<td>\u00a0<\/td>\n<\/tr>\n<tr>\n<td>\u00a0<\/td>\n<td>\u00a0<\/td>\n<\/tr>\n<tr>\n<td>\u00a0<\/td>\n<td>\u00a0<\/td>\n<\/tr>\n<tr>\n<td>\u00a0<\/td>\n<td>\u00a0<\/td>\n<\/tr>\n<tr>\n<td>\u00a0<\/td>\n<td>\u00a0<\/td>\n<\/tr>\n<tr>\n<td>\u00a0<\/td>\n<td>\u00a0<\/td>\n<\/tr>\n<tr>\n<td>\u00a0<\/td>\n<td>\u00a0<\/td>\n<\/tr>\n<tr>\n<td>\u00a0<\/td>\n<td>\u00a0<\/td>\n<\/tr>\n<tr>\n<td>\u00a0<\/td>\n<td>\u00a0<\/td>\n<\/tr>\n<tr>\n<td>\u00a0<\/td>\n<td>\u00a0<\/td>\n<\/tr>\n<tr>\n<td>\u00a0<\/td>\n<td>\u00a0<\/td>\n<\/tr>\n<tr>\n<td>\u00a0<\/td>\n<td>\u00a0<\/td>\n<\/tr>\n<tr>\n<td>\u00a0<\/td>\n<td>\u00a0<\/td>\n<\/tr>\n<tr>\n<td>\u00a0<\/td>\n<td>\u00a0<\/td>\n<\/tr>\n<tr>\n<td>\u00a0<\/td>\n<td>\u00a0<\/td>\n<\/tr>\n<tr>\n<td>\u00a0<\/td>\n<td>\u00a0<\/td>\n<\/tr>\n<tr>\n<td>\u00a0<\/td>\n<td>\u00a0<\/td>\n<\/tr>\n<tr>\n<td>\u00a0<\/td>\n<td>\u00a0<\/td>\n<\/tr>\n<tr>\n<td>\u00a0<\/td>\n<td>\u00a0<\/td>\n<\/tr>\n<tr>\n<td>\u00a0<\/td>\n<td>\u00a0<\/td>\n<\/tr>\n<tr>\n<td>\u00a0<\/td>\n<td>\u00a0<\/td>\n<\/tr>\n<tr>\n<td>\u00a0<\/td>\n<td>\u00a0<\/td>\n<\/tr>\n<tr>\n<td>\u00a0<\/td>\n<td>\u00a0<\/td>\n<\/tr>\n<tr>\n<td>\u00a0<\/td>\n<td>\u00a0<\/td>\n<\/tr>\n<tr>\n<td>\u00a0<\/td>\n<td>\u00a0<\/td>\n<\/tr>\n<tr>\n<td>\u00a0<\/td>\n<td>\u00a0<\/td>\n<\/tr>\n<tr>\n<td>\u00a0<\/td>\n<td>\u00a0<\/td>\n<\/tr>\n<tr>\n<td>\u00a0<\/td>\n<td>\u00a0<\/td>\n<\/tr>\n<tr>\n<td>\u00a0<\/td>\n<td>\u00a0<\/td>\n<\/tr>\n<tr>\n<td>\u00a0<\/td>\n<td>\u00a0<\/td>\n<\/tr>\n<tr>\n<td>\u00a0<\/td>\n<td>\u00a0<\/td>\n<\/tr>\n<tr>\n<td>\u00a0<\/td>\n<td>\u00a0<\/td>\n<\/tr>\n<tr>\n<td>\u00a0<\/td>\n<td>\u00a0<\/td>\n<\/tr>\n<tr>\n<td>\u00a0<\/td>\n<td>\u00a0<\/td>\n<\/tr>\n<tr>\n<td>\u00a0<\/td>\n<td>\u00a0<\/td>\n<\/tr>\n<tr>\n<td>\u00a0<\/td>\n<td>\u00a0<\/td>\n<\/tr>\n<tr>\n<td>\u00a0<\/td>\n<td>\u00a0<\/td>\n<\/tr>\n<tr>\n<td>\u00a0<\/td>\n<td>\u00a0<\/td>\n<\/tr>\n<tr>\n<td>\u00a0<\/td>\n<td>\u00a0<\/td>\n<\/tr>\n<tr>\n<td>\u00a0<\/td>\n<td>\u00a0<\/td>\n<\/tr>\n<tr>\n<td>\u00a0<\/td>\n<td>\u00a0<\/td>\n<\/tr>\n<tr>\n<td>\u00a0<\/td>\n<td>\u00a0<\/td>\n<\/tr>\n<tr>\n<td>\u00a0<\/td>\n<td>\u00a0<\/td>\n<\/tr>\n<\/tbody>\n<\/table>","protected":false},"excerpt":{"rendered":"<p>SSL ZPRAVODAJE A EXPRESY 2026 Spedi\u010dn\u00ed zpravodaj 2026 SSL Expres 2026 2 &#8211; \u00fanor 2026 06.01., 07.01., 08.01., 09.01. 3 &#8211; b\u0159ezen 2026 12.01., 13.01., 14.01., 15.01., 16.01. \u00a0 19.01. 20.01. 21.01. 22.01. 23.01. \u00a0 &#8230; <\/p>\n<p class=\"read-more-container\"><a title=\"SSL zpravodaje\/ Asociation newsletter\" class=\"read-more button\" href=\"https:\/\/www.svazspedice.cz\/index.php\/ssl-zpravodaje\/#more-289\">\u010c\u00edst v\u00edce<span class=\"screen-reader-text\">SSL zpravodaje\/ Asociation newsletter<\/span><\/a><\/p>\n","protected":false},"author":1,"featured_media":0,"parent":0,"menu_order":0,"comment_status":"closed","ping_status":"closed","template":"","meta":[],"_links":{"self":[{"href":"https:\/\/www.svazspedice.cz\/index.php\/wp-json\/wp\/v2\/pages\/289"}],"collection":[{"href":"https:\/\/www.svazspedice.cz\/index.php\/wp-json\/wp\/v2\/pages"}],"about":[{"href":"https:\/\/www.svazspedice.cz\/index.php\/wp-json\/wp\/v2\/types\/page"}],"author":[{"embeddable":true,"href":"https:\/\/www.svazspedice.cz\/index.php\/wp-json\/wp\/v2\/users\/1"}],"replies":[{"embeddable":true,"href":"https:\/\/www.svazspedice.cz\/index.php\/wp-json\/wp\/v2\/comments?post=289"}],"version-history":[{"count":364,"href":"https:\/\/www.svazspedice.cz\/index.php\/wp-json\/wp\/v2\/pages\/289\/revisions"}],"predecessor-version":[{"id":3798,"href":"https:\/\/www.svazspedice.cz\/index.php\/wp-json\/wp\/v2\/pages\/289\/revisions\/3798"}],"wp:attachment":[{"href":"https:\/\/www.svazspedice.cz\/index.php\/wp-json\/wp\/v2\/media?parent=289"}],"curies":[{"name":"wp","href":"https:\/\/api.w.org\/{rel}","templated":true}]}}