{"id":287,"date":"2019-04-05T12:08:15","date_gmt":"2019-04-05T12:08:15","guid":{"rendered":"http:\/\/www.svazspedice.cz\/?page_id=287"},"modified":"2019-04-25T17:48:35","modified_gmt":"2019-04-25T17:48:35","slug":"odkazy","status":"publish","type":"page","link":"https:\/\/www.svazspedice.cz\/index.php\/odkazy\/","title":{"rendered":"Odkazy"},"content":{"rendered":"<table class=\"tbl0\" border=\"0\" width=\"745\" frame=\"border\" cellspacing=\"0\" cellpadding=\"2\">\n<tbody>\n<tr>\n<td><strong>\u010cesk\u00e1 republika<\/strong><\/td>\n<td><strong>webov\u00e9 str\u00e1nky<\/strong><\/td>\n<\/tr>\n<tr class=\"r1\">\n<td>Port\u00e1l ve\u0159ejn\u00e9 spr\u00e1vy \u010cR<\/td>\n<td><a href=\"http:\/\/portal.gov.cz\/\" target=\"info\" rel=\"noopener noreferrer\">portal.gov.cz<\/a><\/td>\n<\/tr>\n<tr class=\"r0\">\n<td>\u010cesk\u00e1 logistick\u00e1 asociace (\u010cLA)<\/td>\n<td><a href=\"http:\/\/www.logistika.cz\/\" target=\"info\" rel=\"noopener noreferrer\">www.logistika.cz<\/a><\/td>\n<\/tr>\n<tr class=\"r1\">\n<td>Sdru\u017een\u00ed automobilov\u00fdch dopravc\u016f \u010cESMAD BOHEMIA<\/td>\n<td><a href=\"http:\/\/www.cesmad-bohemia.cz\/\" target=\"info\" rel=\"noopener noreferrer\">www.cesmad-bohemia.cz<\/a><\/td>\n<\/tr>\n<tr class=\"r0\">\n<td>Svaz dopravy<\/td>\n<td><a href=\"http:\/\/www.svazdopravy.cz\/\" target=\"info\" rel=\"noopener noreferrer\">www.svazdopravy.cz<\/a><\/td>\n<\/tr>\n<tr class=\"r1\">\n<td>ICC Czech republic<\/td>\n<td><a href=\"http:\/\/www.icc-cr.cz\/\" target=\"info\" rel=\"noopener noreferrer\">www.icc-cr.cz<\/a><\/td>\n<\/tr>\n<\/tbody>\n<\/table>\n<table class=\"tbl0\" border=\"0\" width=\"745\" frame=\"border\" cellspacing=\"0\" cellpadding=\"2\">\n<tbody>\n<tr>\n<td><strong>Zahrani\u010d\u00ed<\/strong><\/td>\n<td><strong>webov\u00e9 str\u00e1nky<\/strong><\/td>\n<\/tr>\n<tr>\n<td>Evropsk\u00e1 komise<\/td>\n<td><a href=\"http:\/\/europa.eu\/index_cs.htm\" target=\"info\" rel=\"noopener noreferrer\">europa.eu<\/a><\/td>\n<\/tr>\n<tr>\n<td>Mezin\u00e1rodn\u00ed federace spedi\u010dn\u00edch svaz\u016f &#8211; FIATA<\/td>\n<td><a href=\"http:\/\/www.fiata.org\/\" target=\"info\" rel=\"noopener noreferrer\">www.fiata.org\u00a0\u00a0\u00a0\u00a0\u00a0\u00a0\u00a0\u00a0\u00a0\u00a0\u00a0\u00a0\u00a0\u00a0\u00a0\u00a0\u00a0\u00a0\u00a0\u00a0\u00a0\u00a0\u00a0\u00a0\u00a0\u00a0\u00a0\u00a0\u00a0\u00a0\u00a0\u00a0\u00a0<\/a><\/td>\n<\/tr>\n<tr>\n<td>Evropsk\u00e1 asociace spedi\u010dn\u00edch, dopravn\u00edch, logistickch a celn\u00edch slu\u017eeb &#8211; CLECAT<\/td>\n<td><a href=\"http:\/\/www.clecat.org\/\" target=\"info\" rel=\"noopener noreferrer\">www.clecat.org\u00a0\u00a0\u00a0\u00a0\u00a0\u00a0\u00a0\u00a0\u00a0\u00a0\u00a0\u00a0\u00a0\u00a0\u00a0\u00a0\u00a0\u00a0\u00a0\u00a0\u00a0\u00a0\u00a0\u00a0\u00a0\u00a0\u00a0\u00a0\u00a0<\/a><\/td>\n<\/tr>\n<tr>\n<td>Mezin\u00e1rodn\u00ed unie silni\u010dn\u00ed dopravy &#8211; IRU<\/td>\n<td><a href=\"http:\/\/www.iru.org\/\" target=\"info\" rel=\"noopener noreferrer\">www.iru.org<\/a><\/td>\n<\/tr>\n<tr>\n<td>Mezin\u00e1rodn\u00ed unie \u017eeleznic &#8211; UIC<\/td>\n<td><a href=\"http:\/\/www.uic.asso.fr\/\" target=\"info\" rel=\"noopener noreferrer\">www.uic.asso.fr<\/a><\/td>\n<\/tr>\n<\/tbody>\n<\/table>\n\n\n<p><\/p>\n","protected":false},"excerpt":{"rendered":"<p>\u010cesk\u00e1 republika webov\u00e9 str\u00e1nky Port\u00e1l ve\u0159ejn\u00e9 spr\u00e1vy \u010cR portal.gov.cz \u010cesk\u00e1 logistick\u00e1 asociace (\u010cLA) www.logistika.cz Sdru\u017een\u00ed automobilov\u00fdch dopravc\u016f \u010cESMAD BOHEMIA www.cesmad-bohemia.cz Svaz dopravy www.svazdopravy.cz ICC Czech republic www.icc-cr.cz Zahrani\u010d\u00ed webov\u00e9 str\u00e1nky Evropsk\u00e1 komise europa.eu Mezin\u00e1rodn\u00ed federace &#8230; <\/p>\n<p class=\"read-more-container\"><a title=\"Odkazy\" class=\"read-more button\" href=\"https:\/\/www.svazspedice.cz\/index.php\/odkazy\/#more-287\">\u010c\u00edst v\u00edce<span class=\"screen-reader-text\">Odkazy<\/span><\/a><\/p>\n","protected":false},"author":1,"featured_media":0,"parent":0,"menu_order":0,"comment_status":"closed","ping_status":"closed","template":"","meta":[],"_links":{"self":[{"href":"https:\/\/www.svazspedice.cz\/index.php\/wp-json\/wp\/v2\/pages\/287"}],"collection":[{"href":"https:\/\/www.svazspedice.cz\/index.php\/wp-json\/wp\/v2\/pages"}],"about":[{"href":"https:\/\/www.svazspedice.cz\/index.php\/wp-json\/wp\/v2\/types\/page"}],"author":[{"embeddable":true,"href":"https:\/\/www.svazspedice.cz\/index.php\/wp-json\/wp\/v2\/users\/1"}],"replies":[{"embeddable":true,"href":"https:\/\/www.svazspedice.cz\/index.php\/wp-json\/wp\/v2\/comments?post=287"}],"version-history":[{"count":4,"href":"https:\/\/www.svazspedice.cz\/index.php\/wp-json\/wp\/v2\/pages\/287\/revisions"}],"predecessor-version":[{"id":929,"href":"https:\/\/www.svazspedice.cz\/index.php\/wp-json\/wp\/v2\/pages\/287\/revisions\/929"}],"wp:attachment":[{"href":"https:\/\/www.svazspedice.cz\/index.php\/wp-json\/wp\/v2\/media?parent=287"}],"curies":[{"name":"wp","href":"https:\/\/api.w.org\/{rel}","templated":true}]}}