{"id":283,"date":"2019-04-05T12:06:59","date_gmt":"2019-04-05T12:06:59","guid":{"rendered":"http:\/\/www.svazspedice.cz\/?page_id=283"},"modified":"2025-08-14T13:07:19","modified_gmt":"2025-08-14T13:07:19","slug":"dokumenty-ke-stazeni","status":"publish","type":"page","link":"https:\/\/www.svazspedice.cz\/index.php\/dokumenty-ke-stazeni\/","title":{"rendered":"Dokumenty ke sta\u017een\u00ed"},"content":{"rendered":"\n<div class=\"wp-block-file\"><a id=\"wp-block-file--media-d8cd4b63-1b7e-488a-8f06-d9b9b7dadb08\" href=\"https:\/\/www.svazspedice.cz\/wp-content\/uploads\/2025\/08\/VZP-2024-Rozhodci-komise-doplneni.docx\">VZP-2024-Rozhodci-komise-doplneni<\/a><a href=\"https:\/\/www.svazspedice.cz\/wp-content\/uploads\/2025\/08\/VZP-2024-Rozhodci-komise-doplneni.docx\" class=\"wp-block-file__button\" download aria-describedby=\"wp-block-file--media-d8cd4b63-1b7e-488a-8f06-d9b9b7dadb08\">St\u00e1hnout<\/a><\/div>\n\n\n\n<div class=\"wp-block-file\"><a id=\"wp-block-file--media-811bfa6c-2a03-4c1f-9568-8205108df313\" href=\"https:\/\/www.svazspedice.cz\/wp-content\/uploads\/2025\/08\/STANOVY-SSL-rev-6-2024-VH.docx\">STANOVY-SSL-rev-6-2024-VH<\/a><a href=\"https:\/\/www.svazspedice.cz\/wp-content\/uploads\/2025\/08\/STANOVY-SSL-rev-6-2024-VH.docx\" class=\"wp-block-file__button\" download aria-describedby=\"wp-block-file--media-811bfa6c-2a03-4c1f-9568-8205108df313\">St\u00e1hnout<\/a><\/div>\n\n\n\n<ul><li><\/li><\/ul>\n\n\n<p><strong>\u010cesk\u00e9 verze\u00a0 <img loading=\"lazy\" src=\"https:\/\/www.sslczech.cz\/files\/uploaded\/UserFiles\/obrazky\/ico_pdf.gif\" alt=\"Dokument Adobe Acrobat\" width=\"17\" height=\"16\" border=\"0\" \/><\/strong><\/p>\n<p><a href=\"http:\/\/www.svazspedice.cz\/wp-content\/uploads\/2024\/07\/VZP-2024-Rozhodci-komise-doplneni-1.pdf\">VZP 2024 Rozhod\u010d\u00ed komise dopln\u011bn\u00ed-1<\/a><br \/><a href=\"http:\/\/www.svazspedice.cz\/wp-content\/uploads\/2024\/07\/VZP-2024-Aj.pdf\">VZP 2024 Aj<\/a><strong><br \/><\/strong><a style=\"font-size: inherit; background-color: initial;\" href=\"http:\/\/www.svazspedice.cz\/wp-content\/uploads\/2019\/04\/V\u0161eobecn\u00e9-zasilatelsk\u00e9-podm\u00ednky-2014-2.pdf\">V\u0161eobecn\u00e9 zasilatelsk\u00e9 podm\u00ednky 2014<\/a><br \/><a href=\"http:\/\/www.svazspedice.cz\/wp-content\/uploads\/2019\/04\/General-Conditions-of-Freight-Forwarding-2014.pdf\">General Conditions of Freight Forwarding 2014<\/a><br \/><a href=\"http:\/\/www.svazspedice.cz\/wp-content\/uploads\/2019\/04\/kodex_jednani_zasilatele.pdf\">Kodex jedn\u00e1n\u00ed zasilatele<\/a><br \/><a href=\"http:\/\/www.svazspedice.cz\/wp-content\/uploads\/2020\/02\/P\u0158IHL\u00c1\u0160KA.pdf\">P\u0159ihl\u00e1\u0161ka za \u010dlena<\/a><br \/><a href=\"http:\/\/www.svazspedice.cz\/wp-content\/uploads\/2019\/04\/STANOVY-SSL-SPOLEK-schv\u00e1len\u00e9-VH-2016_1.pdf\">Stanovy SSL \u010cR <\/a><br \/><a href=\"http:\/\/www.svazspedice.cz\/wp-content\/uploads\/2019\/04\/SSL-logo-2.pdf\">SSL logo<\/a><br \/><a href=\"http:\/\/www.svazspedice.cz\/wp-content\/uploads\/2019\/06\/Zas\u00edlatelsk\u00e1-smlouva.pdf\">Zas\u00edlatelsk\u00e1 smlouva\u00a0<\/a><\/p>\n<p><strong>Anglick\u00e9 verze\u00a0 <img loading=\"lazy\" src=\"https:\/\/www.sslczech.cz\/files\/uploaded\/UserFiles\/obrazky\/ico_pdf.gif\" alt=\"Dokument Adobe Acrobat\" width=\"17\" height=\"16\" border=\"0\" \/><br \/><\/strong><a href=\"http:\/\/www.svazspedice.cz\/wp-content\/uploads\/2019\/04\/code_of_conduct_for_czech_freight_forwarders-1.pdf\">Code of conduct for czech freight forwarders<\/a><\/p>\n<p><strong>CELN\u00cd SEMIN\u00c1\u0158\u00a0 <img loading=\"lazy\" src=\"https:\/\/www.sslczech.cz\/files\/uploaded\/UserFiles\/obrazky\/ico_pdf.gif\" alt=\"Dokument Adobe Acrobat\" width=\"17\" height=\"16\" border=\"0\" \/><br \/><\/strong><a href=\"http:\/\/www.svazspedice.cz\/wp-content\/uploads\/2019\/04\/Prezentace-18.04.2017-doklady-logistika-2.pdf\">Prezentace 18.04.2017 doklady logistika<\/a><br \/><a href=\"http:\/\/www.svazspedice.cz\/wp-content\/uploads\/2019\/04\/Prezentace-sdru\u017een\u00ed-dopravc\u016f-1-2.pdf\">Prezentace sdru\u017een\u00ed dopravc\u016f<\/a><br \/><a href=\"http:\/\/www.svazspedice.cz\/wp-content\/uploads\/2019\/04\/Semin\u00e1\u0159-SSL_zm\u011bny-SCS-EU-k-1.1.2017-1-2.pdf\">Semin\u00e1\u0159 SSL zm\u011bny SCS EU k 1.1.2017<\/a><br \/><a href=\"http:\/\/www.svazspedice.cz\/wp-content\/uploads\/2019\/04\/UCC-ZDPH-\u2013-sm\u00ed\u0161enka-leden-2017-2.pdf\">UCC, ZDPH \u2013 sm\u00ed\u0161enka leden 2017<\/a><\/p>\n<p><strong>Sazebn\u00edk FBL 2020<br \/><\/strong><span style=\"color: #ff0000;\"><a style=\"color: #ff0000;\" href=\"http:\/\/www.svazspedice.cz\/wp-content\/uploads\/2020\/10\/SAZEBN\u00cdK-FBL-2020.pdf\">SAZEBN\u00cdK FBL 2020<\/a><\/span><strong><br \/><\/strong><\/p>\n\n\n<p><\/p>\n","protected":false},"excerpt":{"rendered":"<p>\u010cesk\u00e9 verze\u00a0 VZP 2024 Rozhod\u010d\u00ed komise dopln\u011bn\u00ed-1VZP 2024 AjV\u0161eobecn\u00e9 zasilatelsk\u00e9 podm\u00ednky 2014General Conditions of Freight Forwarding 2014Kodex jedn\u00e1n\u00ed zasilateleP\u0159ihl\u00e1\u0161ka za \u010dlenaStanovy SSL \u010cR SSL logoZas\u00edlatelsk\u00e1 smlouva\u00a0 Anglick\u00e9 verze\u00a0 Code of conduct for czech freight forwarders &#8230; <\/p>\n<p class=\"read-more-container\"><a title=\"Dokumenty ke sta\u017een\u00ed\" class=\"read-more button\" href=\"https:\/\/www.svazspedice.cz\/index.php\/dokumenty-ke-stazeni\/#more-283\">\u010c\u00edst v\u00edce<span class=\"screen-reader-text\">Dokumenty ke sta\u017een\u00ed<\/span><\/a><\/p>\n","protected":false},"author":1,"featured_media":0,"parent":0,"menu_order":0,"comment_status":"closed","ping_status":"closed","template":"","meta":[],"_links":{"self":[{"href":"https:\/\/www.svazspedice.cz\/index.php\/wp-json\/wp\/v2\/pages\/283"}],"collection":[{"href":"https:\/\/www.svazspedice.cz\/index.php\/wp-json\/wp\/v2\/pages"}],"about":[{"href":"https:\/\/www.svazspedice.cz\/index.php\/wp-json\/wp\/v2\/types\/page"}],"author":[{"embeddable":true,"href":"https:\/\/www.svazspedice.cz\/index.php\/wp-json\/wp\/v2\/users\/1"}],"replies":[{"embeddable":true,"href":"https:\/\/www.svazspedice.cz\/index.php\/wp-json\/wp\/v2\/comments?post=283"}],"version-history":[{"count":18,"href":"https:\/\/www.svazspedice.cz\/index.php\/wp-json\/wp\/v2\/pages\/283\/revisions"}],"predecessor-version":[{"id":3571,"href":"https:\/\/www.svazspedice.cz\/index.php\/wp-json\/wp\/v2\/pages\/283\/revisions\/3571"}],"wp:attachment":[{"href":"https:\/\/www.svazspedice.cz\/index.php\/wp-json\/wp\/v2\/media?parent=283"}],"curies":[{"name":"wp","href":"https:\/\/api.w.org\/{rel}","templated":true}]}}