{"id":1070,"date":"2019-05-15T15:32:08","date_gmt":"2019-05-15T15:32:08","guid":{"rendered":"http:\/\/www.svazspedice.cz\/?page_id=1070"},"modified":"2019-05-20T06:29:31","modified_gmt":"2019-05-20T06:29:31","slug":"uzitecny-software-online-systemy","status":"publish","type":"page","link":"https:\/\/www.svazspedice.cz\/index.php\/uzitecny-software-online-systemy\/","title":{"rendered":"U\u017eite\u010dn\u00fd software, online syst\u00e9my"},"content":{"rendered":"<table border=\"0\" width=\"100%\" bgcolor=\"#f6f9fe\">\n<tbody>\n<tr valign=\"top\">\n<td width=\"50%\"><b>DAN\u011a PRO LIDI<\/b><br \/><br \/><\/td>\n<td><b>tel: <\/b>+420 737 884 244, 591 146 232<br \/><b>fax: <\/b>+420 591 146 242<br \/><b>email: <\/b><a href=\"mailto:objednavky@daneprolidi.cz\">objednavky@daneprolidi.cz<\/a><br \/><b>web:<\/b> www.daneprolidi.cz<\/td>\n<\/tr>\n<tr>\n<td colspan=\"2\">Dan\u011b pro lidi V\u00e1m p\u0159in\u00e1\u0161\u00ed ODBORN\u00c1 \u0160KOLEN\u00cd NA \u017dHAV\u00c1 T\u00c9MATA AKTU\u00c1LN\u00cd DA\u0147OV\u00c9 SEZ\u00d3NY<br \/>Nab\u00eddka odborn\u00fdch \u0161kolen\u00ed &#8211; sleva 20% pro \u010dleny Svazu.<\/td>\n<\/tr>\n<\/tbody>\n<\/table>\n<table border=\"0\" width=\"100%\" bgcolor=\"#f6f9fe\">\n<tbody>\n<tr valign=\"top\">\n<td width=\"50%\"><b>CID INTERNATIONAL, a.s.<\/b><br \/>Moutel\u00edkova 1, Praha 5<br \/>Jarn\u00ed 52, Brno <br \/>N\u00e1dra\u017en\u00ed 184, Ostrava<\/td>\n<td><b>tel: <\/b>+420 <br \/><b>fax: <\/b>+420<br \/><b>email: <\/b><br \/><b>web:<\/b> www.cid.cz<\/td>\n<\/tr>\n<tr>\n<td colspan=\"2\">Jde o \u010deskou spole\u010dnost, zalo\u017eenou v roce 1996 a zam\u011b\u0159enou na \u0159e\u0161en\u00ed, provoz a \u00fadr\u017ebu informa\u010dn\u00edch syst\u00e9m\u016f, informatiku a provozn\u00ed technologie v dopravn\u00edch odborech, spedici a logistice. V r\u00e1mci program\u016f pro tuto oblast konkr\u00e9tn\u011b nab\u00edz\u00ed &#8211; WinSped &#8211; program pro \u017eelezni\u010dn\u00ed spedici &#8211; Colli &#8211; program pro silni\u010dn\u00ed spedici, sv\u011brnou slu\u017ebu a dopravce, &#8211; UniSped &#8211; program pro kombinovan\u00e9 p\u0159epravy, &#8211; Logistick\u00fd sklad &#8211; program \u0159e\u0161\u00edc\u00ed problematiku logistick\u00fdch sklad\u016f, &#8211; TaKa &#8211; program pro kalkulaci dovozn\u00e9ho, &#8211; Hypertexty &#8211; elektronickou dokumentaci.<\/td>\n<\/tr>\n<\/tbody>\n<\/table>\n<table border=\"0\" width=\"100%\" bgcolor=\"#f6f9fe\">\n<tbody>\n<tr valign=\"top\">\n<td width=\"50%\"><br \/><br \/><\/td>\n<td>\u00a0<\/td>\n<\/tr>\n<tr>\n<td colspan=\"2\">\u00a0<\/td>\n<\/tr>\n<\/tbody>\n<\/table>\n<table border=\"0\" width=\"100%\" bgcolor=\"#f6f9fe\">\n<tbody>\n<tr valign=\"top\">\n<td width=\"50%\">\u00a0<\/td>\n<td>\u00a0<\/td>\n<\/tr>\n<tr>\n<td colspan=\"2\">\u00a0<\/td>\n<\/tr>\n<\/tbody>\n<\/table>\n<table border=\"0\" width=\"100%\" bgcolor=\"#f6f9fe\">\n<tbody>\n<tr valign=\"top\">\n<td width=\"50%\">\u00a0<\/td>\n<td>\u00a0<\/td>\n<\/tr>\n<tr>\n<td colspan=\"2\">\u00a0<\/td>\n<\/tr>\n<\/tbody>\n<\/table>\n\n\n<p><\/p>\n","protected":false},"excerpt":{"rendered":"<p>DAN\u011a PRO LIDI tel: +420 737 884 244, 591 146 232fax: +420 591 146 242email: objednavky@daneprolidi.czweb: www.daneprolidi.cz Dan\u011b pro lidi V\u00e1m p\u0159in\u00e1\u0161\u00ed ODBORN\u00c1 \u0160KOLEN\u00cd NA \u017dHAV\u00c1 T\u00c9MATA AKTU\u00c1LN\u00cd DA\u0147OV\u00c9 SEZ\u00d3NYNab\u00eddka odborn\u00fdch \u0161kolen\u00ed &#8211; sleva 20% &#8230; <\/p>\n<p class=\"read-more-container\"><a title=\"U\u017eite\u010dn\u00fd software, online syst\u00e9my\" class=\"read-more button\" href=\"https:\/\/www.svazspedice.cz\/index.php\/uzitecny-software-online-systemy\/#more-1070\">\u010c\u00edst v\u00edce<span class=\"screen-reader-text\">U\u017eite\u010dn\u00fd software, online syst\u00e9my<\/span><\/a><\/p>\n","protected":false},"author":5,"featured_media":0,"parent":0,"menu_order":0,"comment_status":"closed","ping_status":"closed","template":"","meta":[],"_links":{"self":[{"href":"https:\/\/www.svazspedice.cz\/index.php\/wp-json\/wp\/v2\/pages\/1070"}],"collection":[{"href":"https:\/\/www.svazspedice.cz\/index.php\/wp-json\/wp\/v2\/pages"}],"about":[{"href":"https:\/\/www.svazspedice.cz\/index.php\/wp-json\/wp\/v2\/types\/page"}],"author":[{"embeddable":true,"href":"https:\/\/www.svazspedice.cz\/index.php\/wp-json\/wp\/v2\/users\/5"}],"replies":[{"embeddable":true,"href":"https:\/\/www.svazspedice.cz\/index.php\/wp-json\/wp\/v2\/comments?post=1070"}],"version-history":[{"count":7,"href":"https:\/\/www.svazspedice.cz\/index.php\/wp-json\/wp\/v2\/pages\/1070\/revisions"}],"predecessor-version":[{"id":1154,"href":"https:\/\/www.svazspedice.cz\/index.php\/wp-json\/wp\/v2\/pages\/1070\/revisions\/1154"}],"wp:attachment":[{"href":"https:\/\/www.svazspedice.cz\/index.php\/wp-json\/wp\/v2\/media?parent=1070"}],"curies":[{"name":"wp","href":"https:\/\/api.w.org\/{rel}","templated":true}]}}